se -q + 3*u = -446, 8*u - 3*u - 1296 = -d*q. What are the prime factors of q?
19, 23
Suppose 1094*v - 1084*v = 823400. What are the prime factors of v?
2, 5, 23, 179
Let a be (2/(-4))/((-4)/96). Let d = 86 - a. Let k = 13 + d. What are the prime factors of k?
3, 29
Let r = 315 - 541. Let h = r + 161. Let v = 147 + h. List the prime factors of v.
2, 41
Let r(p) = 6*p - 54. Let j be r(10). Let s(g) = 13*g**2 + 12*g - 25. What are the prime factors of s(j)?
5, 103
Let x(t) = -1063*t - 2631. What are the prime factors of x(-23)?
2, 10909
Suppose 2*l = -271*r + 272*r - 9024, r = 5*l + 9033. List the prime factors of r.
2, 3, 167
Suppose 0 = 2*y - 41 - 11. Let v = 3522 + -3452. Let m = v - y. What are the prime factors of m?
2, 11
List the prime factors of (1090230/21 - 4/(-14)) + 10 + -11.
3, 5, 3461
Let y = -21857 - -33552. List the prime factors of y.
5, 2339
Suppose 24*y - 301526 - 502648 = -87486. What are the prime factors of y?
2, 3, 7, 79
Suppose 5*d - 4*q + 0*q = -5880, 5*q = -5*d - 5880. What are the prime factors of (54/(-8))/(9/d)?
2, 3, 7
Let k = 41922 - 21769. What are the prime factors of k?
7, 2879
Let k = -2222 + 1308. Let z = k - -1611. What are the prime factors of z?
17, 41
Suppose -114337 - 6970081 = -79*t - 43*t. What are the prime factors of t?
11, 5279
Suppose 4*g - 4474 = 5*v, g - 4*g + 5*v = -3353. List the prime factors of (5/((-5)/4) - -4) + g.
19, 59
Let g(q) = -303*q - 2375. What are the prime factors of g(-14)?
1867
Suppose 0 = 6*p - 1451 - 631. Suppose 346*q = p*q - 215. List the prime factors of q.
5, 43
Let g = 16683 + 11615. List the prime factors of g.
2, 14149
Let j(c) = 2*c**3 - 3*c - 2. Let w be j(-2). Suppose -2*u = 3*h - 11, -5*u = 13 + 12. Let p = h - w. What are the prime factors of p?
19
Suppose -t = -3*a + 2315 + 1015, 6648 = -2*t + 3*a. What are the prime factors of t/(-12) + -1 - 2/(-4)?
2, 3, 23
Suppose a = 5, -2*a = 4*o + 189 - 47. Let u(v) = -2*v**2 - 91*v - 83. List the prime factors of u(o).
487
List the prime factors of (3/18*-11821)/(((-7)/(-1))/(-42)).
11821
Suppose 5*r - 8 = v, r - 3*r = -5*v - 17. Let k be 7 - (3 + r - 2) - 3. List the prime factors of k + 1 + 405/3.
2, 3, 23
Let j(h) be the third derivative of 3*h**4/8 + 5*h**3/3 + 3*h**2. Let y(p) = -p**3 - 6*p**2 + 2. Let b be y(-6). List the prime factors of j(b).
2, 7
Let v(i) = -5*i**2 - 57*i + 31. Let d(o) = 6*o**2 + 57*o - 33. Let a(x) = 3*d(x) + 4*v(x). What are the prime factors of a(-17)?
2, 13
Let p = -1184 + 10333. List the prime factors of p.
7, 1307
Let f(a) = 47*a**2 + 102*a + 3209. What are the prime factors of f(-21)?
2, 17, 641
Let z(t) = 54*t**2 + 3*t + 21. Let r be z(-6). Suppose 4*k - r = -463. What are the prime factors of k?
7, 53
Suppose 4*l - m = 68769, -13*m + 10*m = -5*l + 85970. List the prime factors of l.
17191
Suppose -12*t + 13*t = -5*k + 40, -4*k + 3*t + 32 = 0. What are the prime factors of (2324/(-16))/((-1)/k)?
2, 7, 83
Suppose -5*o + 61309 = -2*t, 3*t + 64 = 43. List the prime factors of o.
13, 23, 41
Let y = -106 + 88. Let k(r) = -r**2 - 20*r - 30. Let s be k(y). List the prime factors of s/(4 - (-4)/72*-70).
2, 3
What are the prime factors of (-70952)/(-16) + 6/12?
5, 887
Suppose -8 = 2*k, 8 = -4*g + 10*k - 15*k. Suppose -12*s - g*s = -12120. List the prime factors of s.
2, 101
Let l = 51 + -149. Let k = 270 + l. What are the prime factors of k?
2, 43
Let j(y) be the first derivative of 297*y**2/2 + 6*y - 71. What are the prime factors of j(1)?
3, 101
Let i = -13580 + 25975. List the prime factors of i.
5, 37, 67
Suppose -1218*x + 1289*x + 847055 - 3366490 = 0. What are the prime factors of x?
5, 47, 151
Let p(a) = 34 - 69 - 5*a + 30. Let q be p(-3). Suppose 0 = -7*s + q*s - 306. List the prime factors of s.
2, 3, 17
Let k = -746 - -2167. List the prime factors of k.
7, 29
Let d = 72 + -63. Suppose -15*s + 18*s - d = 0. Suppose -u + 398 = s*g, -g - 4*g - u + 666 = 0. List the prime factors of g.
2, 67
List the prime factors of (18 - (-7 + 24))/(2/4878).
3, 271
Let w = 2465 - 1450. Let r = -585 + w. List the prime factors of r.
2, 5, 43
Let x = -2586 + 4269. Let f = x + -1084. What are the prime factors of f?
599
Let o be 0 + -2 - (2 + 25). Suppose -1098 = 286*q - 280*q. Let b = o - q. What are the prime factors of b?
2, 7, 11
Suppose -13*b - 9*b - 204218 = -36*b. What are the prime factors of b?
29, 503
Suppose 17*p - 34091 + 652 = 0. What are the prime factors of p?
7, 281
Suppose 358*i - 359*i = -35. Let d = 870 - i. What are the prime factors of d?
5, 167
Let a(i) = -i**3 - 10*i**2 - 11*i - 11. Let v be a(-7). Let s be 2/11 + v/(-99). What are the prime factors of (-4 - (s - 6))*52?
2, 13
Let a(u) = -6*u**3 - 5*u**2 - 6*u - 6. Suppose 44*k + 40 = 34*k. What are the prime factors of a(k)?
2, 7, 23
Let o = 7 - -152. Suppose 13 = 2*n + o. Let u = n - -114. List the prime factors of u.
41
Suppose -9*z - 440 = -1700. Let j = z + 116. List the prime factors of j.
2
Let n = 10853 + 11475. List the prime factors of n.
2, 2791
Suppose -35*g = -39*g - 16. Let x be 2/3 + 55544/(-12) + g. What are the prime factors of (-8)/(-12)*x/(-16)?
193
Suppose -4*l - 9*l + 130 = 0. Suppose 3*a + 2*a = l. Suppose 3*z - 4*j - 1 = -0*j, -4*z + a*j + 8 = 0. List the prime factors of z.
3
Suppose -29*i + 3*u + 80874 = -24*i, -4*i = -2*u - 64698. What are the prime factors of i?
3, 599
Let o be 2/(-10) + 21160/50. Suppose z + o = 4*z. Suppose -2*u + z - 37 = 0. What are the prime factors of u?
2, 13
Suppose 15 = 55*m - 52*m, g - 1970 = -2*m. List the prime factors of g.
2, 5, 7
Let u(v) = 25*v**3 + v**2 + 2*v. Let q be u(2). Suppose y = -5*b - 16, -y + 0 = -5*b - 4. What are the prime factors of (y/4)/((-24)/q)?
13
Suppose -289*u = 35*u - 3802464. What are the prime factors of u?
2, 3, 163
Suppose -9*p - 12*p + 8883 = 0. Let w = p - 295. List the prime factors of w.
2
Let a = 15163 + -4084. List the prime factors of a.
3, 1231
Let k(l) = 2*l - 8. Let p be k(6). Suppose 4*q - 68 = 4*z - 16, -p*z - 24 = -2*q. Let n = 34 + q. List the prime factors of n.
2, 3
Suppose 0 = 4*o + 16, 4*o - 1244 = -0*i - 4*i. Let w = i + -216. List the prime factors of (5 - w/(-6))/(2/12).
3, 43
Let u be (-3 - (-17)/3)/((-6)/(-9)). Let n be 2*(-207)/12 - (-2)/u. Let y = 58 - n. What are the prime factors of y?
2, 23
Let q be (1900/(-35))/(-10) + (-6)/14. Suppose -2*j + 4*j + 2*u = 802, -3*u = q*j - 2009. What are the prime factors of j?
13, 31
Let z(x) be the second derivative of -3/4*x**4 + 0 - 41*x - 2/3*x**3 + 15/2*x**2 - 1/20*x**5. List the prime factors of z(-9).
3, 17
Let n = -1191 + 2452. Suppose 8*u - n = 5363. What are the prime factors of u?
2, 3, 23
Let r(i) = 10*i + 8. Let o be r(-3). List the prime factors of 3/(563/(-3278) + o/(-121)).
2, 149
Suppose 9*j - 5*j = -400. List the prime factors of j/(-80)*(-1416)/(-3).
2, 5, 59
Let x be (-5)/5 + 0 + 3 + 20. Let k = 22 - x. Suppose -2*q = -3*q + n + 66, -5*n - 5 = k. What are the prime factors of q?
5, 13
Suppose -714000 + 746704 + 1626356 = 117*d. List the prime factors of d.
2, 5, 709
Suppose s - 2*s - 3534 = p, 4*p + 5*s = -14134. List the prime factors of p/(-7) - (42/49)/6.
5, 101
Let l(x) = -3*x**2 + 32*x - 52. Let i(z) = z**2. Let j(q) = -6*i(q) - 3*l(q). List the prime factors of j(37).
3, 79
Let b = 48 - 34. Suppose -k - 5*t + b = 0, -2*t + 20 = 4*k - 2*k. Suppose -526 = -k*v + 410. List the prime factors of v.
2, 13
Let b = -2925 - -2075. List the prime factors of (-4)/14 + b/(-35).
2, 3
Suppose -9*b = -869 - 2839. Let i = 506 - b. What are the prime factors of i?
2, 47
Let a(g) = 4*g**2 + 68*g + 471. What are the prime factors of a(-31)?
2207
Suppose j - 12 = -4*o, 11*o = -2*j + 7*o + 16. Suppose -j*a + 2*k = -60 - 598, 3*a - 492 = 3*k. What are the prime factors of a?
3, 5, 11
Suppose -l - 28 + 22 = 0, o - 9316 = 2*l. What are the prime factors of o?
2, 1163
Let m(f) = -8*f**2 + 5*f**3 + 13*f**2 - 3*f**2. Let l be m(-1). List the prime factors of (40/12 + l)*(128 - -1).
43
Suppose -19*o = -2*o - 8*o - 85887. List the prime factors of o.
3, 3181
Let f = 3064 - 2169. Suppose -3*h + 13*r = 8*r - f, -285 = -h - 5*r. What are the prime factors of h?
5, 59
Let q(l) = l**3 - 13*l**2 + 196*l - 12. What are the prime factors of q(8)?
2, 3, 103
Suppose 5*f - g - 16 = 98, 2*g + 118 = 5*f.